et v(x) = x**2 - 4*x - 2. Calculate v(-3).
19
Let f(y) = 4*y + 1. Give f(5).
21
Let g(v) = -2*v**3 + 50*v**2 - 46*v - 56. Determine g(24).
-8
Let p(h) = h**3 - 7*h**2 + 10*h - 4. Determine p(7).
66
Let z(i) = -i**3 - 7*i**2 + 2*i. What is z(-7)?
-14
Let t(j) = -j**2 - j + 3. What is t(2)?
-3
Let w(t) = -6*t**2 - 27*t - 3. Give w(-5).
-18
Let p(v) = -2*v + 28. What is p(5)?
18
Let o(j) = 4*j**2 - 2*j + 26. Calculate o(5).
116
Let b(h) = -h**3 - h**2 + h - 7. Give b(0).
-7
Let y(k) = -3*k**2 - 42*k - 5. Give y(-13).
34
Let z(x) = -15*x**2 + 1. Determine z(-2).
-59
Let i(j) = -j**2 + 15*j - 17. Give i(17).
-51
Let m(i) = i**3 - 2*i**2 - 4*i + 7. Determine m(3).
4
Let h(a) = -6*a + 10. Calculate h(2).
-2
Let s(l) = 6*l + 2. Calculate s(2).
14
Let g(y) = -7*y + 22. Give g(3).
1
Let y(i) = -3*i - 18. What is y(-8)?
6
Let j(v) = 7*v + 49. What is j(-7)?
0
Let y(q) = -18*q**2 - q - 2. Give y(-1).
-19
Let o(m) = 24*m - 837. Give o(35).
3
Let i(t) = -t**2 + 13*t - 11. Determine i(8).
29
Let j(r) = 15*r + 47. Give j(-4).
-13
Let m(c) = 21*c - 71. What is m(7)?
76
Let z(n) = -n**3 - 6*n**2 + 11*n + 7. Give z(-7).
-21
Let g(o) = -2*o**2 + 23. What is g(0)?
23
Let r(u) = -13*u - 137. Calculate r(-11).
6
Let z(a) = a**2 + 11*a - 5. Calculate z(-13).
21
Let q(b) = 21*b + 82. Calculate q(-8).
-86
Let c(y) = y**2 - 48*y - 6. Give c(0).
-6
Let o(b) = -b**3 + 3*b**2 - 3*b + 3. What is o(4)?
-25
Let x(y) = -2*y**2 + 18*y + 60. Calculate x(14).
-80
Let w(y) = 7*y + 45. Calculate w(-5).
10
Let w(h) = -4*h + 20. What is w(12)?
-28
Let a(v) = -v**2 + 4*v + 8. What is a(-2)?
-4
Let c(i) = -i**3 + 3*i**2 + 6*i + 11. Calculate c(5).
-9
Let z(u) = 4*u**3 + 154*u**2 + 78*u + 79. Calculate z(-38).
3
Let h(s) = -4*s**2 - 10*s - 1. Calculate h(-2).
3
Let b(z) = z**2 + 8*z + 14. What is b(-7)?
7
Let n(y) = y**2 - 7*y - 22. What is n(11)?
22
Let x(p) = -6*p + 74. Give x(22).
-58
Let s(t) = -23*t + 13. Determine s(3).
-56
Let b(k) = -3*k**2 - 25*k + 14. Calculate b(-9).
-4
Let y(o) = -4*o + 54. Give y(23).
-38
Let w(y) = -10*y + 9. Give w(2).
-11
Let g(w) = w**3 - 2*w**2 - 2*w + 6. Calculate g(2).
2
Let v(s) = s**3 - s**2 - s - 1. Calculate v(-3).
-34
Let h(a) = -4*a**2 + 3. Calculate h(-4).
-61
Let n(z) = z**2 + 47*z + 245. Give n(-41).
-1
Let o(g) = -g + 11. Calculate o(-9).
20
Let y(j) = 8*j**3 - j**2 - 5*j + 6. Determine y(2).
56
Let d(a) = -a - 1. Determine d(-12).
11
Let r(b) = b**3 + 13*b**2 + 15*b + 7. Give r(-12).
-29
Let r(f) = 4*f**2 - 6*f - 3. Give r(2).
1
Let q(m) = m**2 + 2*m - 135. What is q(11)?
8
Let f(d) = -d**3 - 16*d**2 - 2*d + 23. Calculate f(-16).
55
Let t(y) = -5*y - 4. Calculate t(-2).
6
Let t(j) = -3*j**2 - 54*j + 52. Give t(-19).
-5
Let u(w) = 4*w - 59. Calculate u(15).
1
Let k(v) = -v**2 + 5*v - 5. Determine k(3).
1
Let z(r) = -5*r**2 - 2*r - 1. Calculate z(-2).
-17
Let h(a) = a**3 + 44*a**2 - 2*a - 107. Give h(-44).
-19
Let v(d) = -d**3 + 9*d**2 + 7*d - 4. Give v(10).
-34
Let y(u) = -u + 7. What is y(-7)?
14
Let s(z) = -5*z**2 + 18. What is s(2)?
-2
Let o(d) = 2*d**2 + 7*d + 4. Determine o(-5).
19
Let w(q) = 6*q - 2. Calculate w(0).
-2
Let d(t) = -18*t + 10. Determine d(-4).
82
Let k(g) = -4*g**3 - g**2 - 1. What is k(1)?
-6
Let l(q) = 4*q**3 + q**2 + 3*q + 5. Give l(-2).
-29
Let m(a) = -8*a - 83. Give m(-19).
69
Let l(s) = 4*s + 4. Give l(4).
20
Let l(r) = r**3 + 11*r**2 - 8*r + 22. Calculate l(-12).
-26
Let d(i) = -i**3 + 2*i**2 - 2*i - 21. What is d(0)?
-21
Let c(m) = -m**3 - 13*m**2 + 5*m - 119. Determine c(-14).
7
Let u(b) = b - 35. Give u(8).
-27
Let k(p) = 18*p - 8. Give k(-4).
-80
Let x(g) = 2*g**2 - 4*g - 3. Calculate x(4).
13
Let w(g) = 3*g**3 + 9*g**2 - 4*g - 4. Determine w(-3).
8
Let g(h) = -4*h**2 + 2*h + 1. Calculate g(2).
-11
Let r(v) = -v**3 - 15*v**2 - 29*v - 34. Determine r(-13).
5
Let a(w) = -20*w. Calculate a(-1).
20
Let l(s) = -s**2 - 5*s - 1. Give l(6).
-67
Let q(r) = r**2 + 3*r - 2. Determine q(3).
16
Let y(n) = n**3 + 61*n**2 + 229*n + 62. Determine y(-57).
5
Let b(x) = -50*x**3 - x**2 - x + 1. Calculate b(1).
-51
Let g(h) = -h + 40. Calculate g(45).
-5
Let m(n) = n**3 + 9*n**2 - 8*n + 14. What is m(-10)?
-6
Let t(c) = -c**3 - 16*c**2 - 64*c - 5. Give t(-8).
-5
Let a(d) = d**2 - 14*d - 14. What is a(14)?
-14
Let i(g) = 8*g - 5. Determine i(-7).
-61
Let i(s) = -56*s**2 + 3*s - 2. Calculate i(1).
-55
Let c(r) = r + 15. Calculate c(-8).
7
Let r(o) = 2*o**2 - 24*o - 11. Give r(12).
-11
Let j(o) = o**3 + 4*o**2 - 3*o + 1. What is j(2)?
19
Let x(p) = 3*p + 23. Calculate x(-7).
2
Let o(q) = -q**3 + q**2 - q + 2. Calculate o(1).
1
Let z(k) = 3*k + 22. Give z(-6).
4
Let c(z) = -z**3 - 8*z**2 - 19. Determine c(-8).
-19
Let f(t) = 2*t**2 + 12*t - 31. What is f(-8)?
1
Let g(k) = -k**2 + 5. Give g(-6).
-31
Let t(a) = -a**2 - 4*a + 25. Give t(6).
-35
Let b(h) = -h**3 - 11*h**2 - 10*h + 1. Give b(-10).
1
Let a(r) = -3*r - 177. Calculate a(-51).
-24
Let b(o) = 2*o + 9. Determine b(-7).
-5
Let x(s) = -33*s**2 - 3*s + 2. Calculate x(2).
-136
Let z(m) = 9*m - 285. Calculate z(32).
3
Let j(q) = 62*q + 67. Determine j(-1).
5
Let p(u) = 2*u**3 - 3*u**2 - 2*u - 1. Determine p(-2).
-25
Let p(y) = -y**3 + 8*y**2 - 16*y + 11. Calculate p(2).
3
Let x(c) = -5*c - 6. Determine x(-3).
9
Let g(a) = a**2 - 5*a + 6. What is g(3)?
0
Let o(a) = -44*a - 439. Calculate o(-10).
1
Let c(w) = -w**2 - 10*w - 37. Calculate c(-9).
-28
Let n(h) = h**3 + 11*h**2 - h - 63. Determine n(-11).
-52
Let w(y) = -4*y**2 + 3*y + 2. Give w(-1).
-5
Let n(g) = -2*g + 5. What is n(4)?
-3
Let y(c) = -c**3 + 6*c**2 - 3*c - 2. What is y(4)?
18
Let p(y) = -y + 25. What is p(11)?
14
Let m(v) = -3*v**2 - 39*v - 41. Determine m(-12).
-5
Let w(k) = k - 1. Give w(4).
3
Let m(z) = z**3 + 16*z**2 + 9*z - 73. Calculate m(-15).
17
Let s(k) = -k**3 - 18*k**2 + 17*k - 21. Calculate s(-19).
17
Let i(b) = b - 4. What is i(27)?
23
Let o(n) = n**3 + 9*n**2 + 4*n + 2. Give o(-9).
-34
Let k(u) = -2*u + 4. Determine k(5).
-6
Let d(o) = 10*o - 62. Determine d(8).
18
Let r(i) = i**3 - 7*i**2 + 5*i. What is r(5)?
-25
Let n(u) = u**2 - 12*u + 3. Calculate n(13).
16
Let l(f) = f**2 + 7*f + 1. Give l(-9).
19
Let z(h) = h + 15. Calculate z(-13).
2
Let o(a) = a**3 - 5*a**2 + 2*a - 1. What is o(3)?
-13
Let m(p) = -p**3 - 13*p**2 - 15*p - 37. Determine m(-12).
-1
Let w(c) = c**3 - 4*c**2 - 3*c - 4. Determine w(4).
-16
Let b(j) = j**2 - 6*j - 3. Determine b(6).
-3
Let w(d) = -2*d - 29. Calculate w(-15).
1
Let s(n) = -3*n**3 + 4*n - 5. Determine s(2).
-21
Let l(z) = z**2 + 23*z + 61. Determine l(-18).
-29
Let q(j) = 9*j**2 + j + 2. Determine q(-2).
36
Let i(o) = 2*o**2 - 63*o + 54. Give i(31).
23
Let k(b) = b**3 + 24*b**2 + 45*b + 33. Calculate k(-22).
11
Let b(h) = 29*h + 384. Give b(-13).
7
Let h(u) = u**2 + 4*u - 52. Calculate h(-7).
-31
Let s(c) = c**2 - 8*c + 7. What is s(4)?
-9
Let m(c) = -c**3 + 8*c**2 - 3*c - 5. Determine m(8).
-29
Let t(d) = -d**2 - 13*d - 20. What is t(-11)?
2
Let k(g) = 4*g - 5. Calculate k(4).
11
Let t(h) = -h - 17. Determine t(0).
-17
Let g(k) = -k + 7. Calculate g(4).
3
Let o(r) = 2*r**3 + 33*r**2 - 12*r + 98. Give o(-17).
13
Let o(b) = -2*b**2 - 4*b + 8. Give o(-3).
2
Let v(z) = 6*z - 60. Calculate v(8).
-12
Let l(k) = 37*k - 5. Calculate l(2).
69
Let o(h) = -h**3 - 8*h**2 + 21*h + 16. What is o(-10)?
6
Let v(q) = -8*q - 4. Give v(5).
-44
Let o(g) = 4*g**2 + 2*g + 1. Determine o(2).
21
Let x(q) = q**3 + 5*q**2 - 4*q + 5. Determine x(-6).
-7
Let q(a) = 13*a + 1. Give q(1).
14
Let o(s) = -3*s - 66. Calculate o(-22).
0
Let u(r) = -2*r - 3. What is u(-4)?
5
Let j(a) = -3*a**2 - 2*a. Determine j(3).
-33
Let a(n) = -21*n - 49. Calculate a(-2).
-7
Let q(p) = -p**3 - 8*p**2 - 6*p + 5. What is q(-6)?
-31
Let n(x) = x**3 - 20*x**2 + 17*x + 20. Determine n(19).
-18
Let c(t) = t**3 + t**2 + 3*t + 21. Calculate c(0).
21
Let b(p) = 2*p**2 - 17*p + 15. What is b(7)?
-6
Let r(z) = -26*z - 3. Determine r(-2).
49
Let n(q) = q + 7. What is n(5)?
12
Let g(k) = -k**3 - 8*k**2 - 10*k - 18. Give g(-7).
3
Let i(s) = 2*s**3 - 17*s**2 - 12*s + 20. Calculate i(9).
-7
Let h(a) = a**2 + 15*a + 52. Calculate h(-5).
2
Let z(y) = -15*y + 65. What is z(4)?
5
Let v(h) = -h**3 + 10*h**2 - 3*h + 11. Calculate v(9).
65
Let d(w) = w**3 - 3*w**2 - 5*w + 3. Calculate d(4).
-1
Let b(y) = -9*y**3 - 2*y**2 - y + 3. Give b(1